5*m**3/6 + 3*m**2. Let a be 2 + (-7)/((-35)/(-25)). Let g be 3 + -4 - 8*(2 + a). Determine s(g).
-2
Let m(s) = 13*s - 141. Let h be m(11). Suppose -2*f - 16 = 2*c, 0 = -7*f + h*f + 4*c - 31. Let a(r) = -r + 2. What is a(f)?
9
Suppose -60*k + 21 = -53*k. Let z(d) = 13*d**3 + 15*d**2 - 13*d**2 - 4 - 12*d**k. Give z(-3).
-13
Let v(t) = 7*t**2 - 13*t + t**3 - 6 + 5*t**2 + 2. Let f be 2/(((-2)/(-11))/(-1) + 144/5148). What is v(f)?
-4
Let f be (39/((-1404)/(-660)))/(5/6). Let z(u) = u**2 - 22*u + 9. Calculate z(f).
9
Let f(l) = 6 - 11*l - 12*l - 2 + 25*l - 5*l. Suppose -32*w + 18 = -26*w. Give f(w).
-5
Suppose 3*c = 5*l + 13, 2*l - 5*c = -0 - 28. Let v(p) = -8*p**3 + 2*p**2 - 3*p + 2. Determine v(l).
-7
Let j(g) = 4*g**3 - g**2 - 2*g - 1. Let l(w) = w**3 + 6*w**2 + 3*w - 5. Let y be l(-5). Suppose 0 = y*f - 7 + 12. What is j(f)?
-4
Let t = -3963 + 3986. Let x(b) = -b**3 + 23*b**2 + 2*b - 37. Calculate x(t).
9
Let w(t) = -49*t - 48*t + 8 - t**2 - 48*t + 140*t. Give w(0).
8
Let c(a) = -3*a**3 - 34*a**2 + 11*a + 10. Let y(w) = 13*w**3 + 140*w**2 - 43*w - 38. Let x(d) = -17*c(d) - 4*y(d). Determine x(17).
16
Let j(k) = 4*k + 289. Let q(l) = 15*l + 1077. Let s(d) = 11*j(d) - 3*q(d). What is s(15)?
-67
Let k be ((-7)/3)/((-2)/(-48)). Suppose -3*z + 2*h - 172 = 0, -4*z - 2*h + 144 - 378 = 0. Let x = z - k. Let v(i) = 5*i**2 + 2*i + 3. Calculate v(x).
19
Let p(x) = -x**2 - 4*x + 4. Let d = 69 + -47. Let q = d - 16. Suppose -5*a = -6*a - q. Give p(a).
-8
Let g = -2 - -4. Suppose -4 = -g*q - 0. Let r(j) = j**3 - 10*j + 15*j + 14*j**q - 2 - 7*j**2. What is r(-6)?
4
Let p = 32 - 28. Let u(v) = 2*v**3 + v**2 + 17. Let g(y) = -y**3 - 8. Let k(c) = p*u(c) + 9*g(c). Give k(4).
-4
Suppose 0 = t - 651*r + 646*r + 43, -44 = 2*t - 4*r. Let h(k) = -k**2 - 13*k - 32. What is h(t)?
8
Let q(k) = -k**3 - 11*k**2 - 10*k + 5. Let b be 35/((-35)/6) - 4. Determine q(b).
5
Let g(q) = -2*q**2 + 3*q + 1. Let z(x) = -26*x - 3*x**2 + x**3 - x**2 + 28*x + 5*x**2 - 3. Let f(m) = -2*g(m) + z(m). What is f(-6)?
-17
Let g be 3840/48 - (-6)/1. Let c(j) = -183 - 2*j + 0*j + g + 97. Suppose -4*a - a = 2*f + 12, 2*a = 5*f - 28. Determine c(f).
-8
Let b(y) = 419*y - 63. Let z(a) = -56*a + 9. Let m(w) = -2*b(w) - 15*z(w). Give m(-7).
-23
Let a(t) = 5*t**2 + 5*t - 4. Let x(i) = 10*i + 3*i**2 + 6*i**2 - i**2 + i - 1 - 5. Let y(h) = 5*a(h) - 3*x(h). Calculate y(6).
-14
Suppose 1215*d = 1173*d + 378. Let x(t) = -t**3 + 7*t**2 + 19*t - 5. Calculate x(d).
4
Let a(w) = -13*w + 7. Let c = 137 + -139. Let s(t) = 15*t - 9. Let d(v) = c*s(v) - 3*a(v). Calculate d(-1).
-12
Suppose -5 - 5 = 3*b - 2*k, 2*b = -2*k. Let q(w) be the second derivative of w**5/10 + w**4/3 + 2*w**3/3 + 3*w**2/2 + 12*w + 901. Calculate q(b).
-5
Let y(o) = o - 28. Let w(b) = 1 + 0 + 6 - 5 + 1. Let l(u) = 18*w(u) + 2*y(u). What is l(-4)?
-10
Let c(u) = -u**2 + 6*u + 1941. Let x be c(-41). Let s(i) = i**3 - 14*i**2 + i - 8. Determine s(x).
6
Let b(a) be the first derivative of -5*a**2/2 - 89*a - 1662. Calculate b(-19).
6
Let x(u) = -u**3 + 3*u**2 + 7*u - 13. Let w = 201 + -197. Let r be x(w). Let c(i) = -2*i - 1. Determine c(r).
1
Suppose 184 = -67*o - 118 + 34. Let b(k) = -2*k**2 - 6*k - 7. Give b(o).
-15
Suppose 217 + 97 - 18 = -37*n. Let b(c) = c**2 + 22*c + 108. Give b(n).
-4
Let h(u) = 9*u**3 - 879*u**2 + 873*u**2 + 15 - 8*u - 8*u**3. Calculate h(7).
8
Let r(p) = -8*p**2 - 8*p - 4. Let x(z) = 7*z**2 + 6*z + 3. Let i(h) = 10*r(h) + 13*x(h). Determine i(1).
8
Let q be -3 + -2 + -3 + 8. Suppose q = 39*c - 18*c - 84. Let w(y) be the third derivative of y**5/60 - y**4/8 - y**3/3 - y**2. Give w(c).
2
Suppose -206 - 30 = -118*m. Let o(q) = 5*q**3 + 3*q**2 - 2*q - 2. Determine o(m).
46
Suppose 5*b = l + 1133, 11*l - 2311 = 13*l - b. Let q = l - -1162. Let n(z) = -2 - 3 - 5*z + 3*z. Calculate n(q).
-13
Let f(r) = 3*r**3 - 16*r**2 - 12*r + 11. Let t(w) = w**3 - 2*w**2 + 1. Let n(l) = -f(l) + 4*t(l). What is n(-6)?
-7
Suppose -5*o = -9*o + b + 2, 3*b = -6. Let q(w) = -w**3 - 8. What is q(o)?
-8
Suppose -2*h + q = 7, 2*h - 3*q + 9 = -h. Let p(j) = j**3 + 2*j**2 - 5*j + 12. Calculate p(h).
0
Let a(c) = -c**3 + 3*c**2 + 5*c - 5. Suppose 0 = -3*s + 7*s - 3*k - 10, -4*k = -4*s + 8. Suppose -2*i + 0*i = -s, 5*t - i = 18. What is a(t)?
-1
Let q(o) = 4*o + 14. Let g(c) = -104*c - 23. Let r be g(3). Let p = r + 331. Determine q(p).
-2
Suppose 3*b = -x + 55, 0 = 281*b - 282*b + 3*x + 5. Let a(y) = y**2 - 18*y - 5. What is a(b)?
-22
Let z(c) be the third derivative of -c**5/60 + c**4/4 - c**3/3 + 65*c**2 + 4*c. Give z(-5).
-57
Let y(p) = p**3 - 2*p**2 - 14*p. Let u be y(-4). Let k be (-20)/2 - (u - -39). Let o(s) = s**2 + 9*s - 4. What is o(k)?
-4
Let w(z) = z**3 - 4*z**2 + z + 1. Let j(g) = -g**3 - 9*g**2 - 7*g - 167. Let x(p) = p**3 - 27*p**2 + 71*p + 14. Let y be x(24). Let d be j(y). Determine w(d).
-5
Let r(u) = 2*u - 4. Suppose 61 - 79 = -3*g. Suppose 83*v = 80*v - g. Determine r(v).
-8
Let q(c) = -3*c**2 + 6*c + 4. Let r(t) = -7*t**2 + 11*t + 7. Let a = 100 - 105. Let y(m) = a*q(m) + 2*r(m). Calculate y(9).
3
Suppose 6*d = 4*d - 20. Let n(w) = -3*w**2 + 47*w - 5. Let x(p) = p**2 - 21*p + 2. Let h(f) = -2*n(f) - 5*x(f). Give h(d).
-10
Let u(w) be the first derivative of w**4/2 - 4*w**3 + 9*w**2/2 + 7*w + 6810. What is u(5)?
2
Let c(s) = -83*s + 1. Suppose 177*v + 9 = 186*v. Give c(v).
-82
Let o(v) = -v**3 + 5*v**2 + 37*v - 8. Let j be 1*(11 - (3/(-1))/(45/(-30))). What is o(j)?
1
Let q(k) = -k**3 - 6*k**2 - 7*k - 21. Let z be q(-5). Let c(u) = -u**3 - 12*u**2 - 14*u + 10. What is c(z)?
43
Let x(m) = 10*m + 104. Let w(c) = 3*c + 28. Let i(q) = -7*w(q) + 2*x(q). Let d(l) = l + 5. Let p be d(4). Determine i(p).
3
Let r(p) = -28*p - 13. Let i(q) = 149*q + 62. Let l(d) = 2*i(d) + 11*r(d). Determine l(-6).
41
Let l(b) = 3*b**2 + 4*b + 5. Suppose -35*a + 66 + 74 = 0. Determine l(a).
69
Suppose 8*o + 196 + 180 = 0. Let g = o - -47. Let d(r) = 2*r - 6. Determine d(g).
-6
Let z(y) be the first derivative of y**5/60 + 7*y**4/24 + 5*y**3/6 - 18*y**2 - 2*y + 23. Let q(n) be the second derivative of z(n). What is q(-8)?
13
Suppose -44*r - 30 = 5*y - 51*r, -4*r = -3*y - 17. Let i(w) = 36*w - 7. Give i(y).
29
Let b(h) = 2 + 0*h**2 - 1158*h**3 + 1157*h**3 + 24*h + 2*h**2. Give b(6).
2
Suppose x + 2*g + 3*g = 11, 0 = -3*x + 4*g - 5. Let b(i) = 1734*i**2 - x - 1730*i**2 + 0. What is b(1)?
3
Let p = 185 + -39. Let l = -141 + p. Let i(f) = -f**2 + 2*f - 5. Determine i(l).
-20
Let l(u) = -19*u**2 + u - 9. Suppose -21 = -3*w - 4*x, 5*x = -w - 2 - 2. Let z(y) = -35*y**2 + y - 17. Let c(v) = w*l(v) - 6*z(v). Give c(-6).
9
Let x be (-10)/(-4)*(-8)/(-10). Let d(p) = 0 + p + 1 + x + 0. Suppose -22 = 3*b - 5*s, -4*s + 2*s + 16 = -3*b. Calculate d(b).
-1
Let h = 11 + -7. Suppose 121*p - 107*p = 574. Let n(o) = p*o + 3 - o**2 + 0*o - 36*o - 6. Calculate n(h).
1
Let j(x) = -x**2 + 25*x - 112. Suppose -3*i = -7*y + 38 + 26, -4*y = -i - 33. Give j(y).
14
Let t(v) be the third derivative of -39*v**4/8 - v**3/2 + 3808*v**2. Give t(-1).
114
Let m(f) = -2*f - 1. Suppose -2*t + 4 = 5*x - 0*t, 0 = -2*t + 4. Suppose 29*g - 219 + 74 = x. Give m(g).
-11
Let z(d) = 2*d**2 - 92*d + 95. Let w be z(45). Let k(q) = -q**2 + 2. Let s be k(0). Let a(c) = -7*c**s + w*c**3 + 5*c**2 + 3*c**2. What is a(1)?
6
Let v(a) = 3*a**2 + 93*a - 2*a**2 - 92*a - 315 + 315. Let y be (-8)/(-10)*(-5)/(-2). Suppose k + y = -1. Calculate v(k).
6
Suppose -3*j - 4*g - 133 = -103, 2*g = 4*j + 18. Let x(v) = -v**2 - 9*v - 9. What is x(j)?
9
Let k(r) be the third derivative of r**6/720 - r**5/30 - 14*r**4/3 - 146*r**2. Let h(j) be the second derivative of k(j). Give h(-3).
-7
Let t(j) = -273*j - 63. Let c(p) = 122*p + 29. Let f(z) = -9*c(z) - 4*t(z). Calculate f(-1).
-3
Let t(u) = -7*u**2 - 851*u**3 + 840*u**3 + 7*u**2 - 3 + 4*u. Let f(d) = d**3 + 4*d**2 + d + 5. Let y be f(-4). What is t(y)?
-10
Let q(p) be the third derivative of p**8/20160 - p**7/630 + 7*p**6/720 + p**5/15 - p**4/6 + 63*p**2. Let h(y) be the third derivative of q(y). Give h(7).
0
Let r(j) be the third derivative of j**4/12 + j**3 + 35*j**2 - 917*j + 1. Let u(n) = -n + 2. Suppose -4*y + 24 = -0*y. Let b be u(y). Determine r(b).
-2
Let t(o) = -6*o**3 + 59*o**2 - 47*o + 10. Let c be t(9). Let j(s) = s + 24. Determine j(c).
16
Let g(u) = u**3 - 22